t y(l) = -l - 4. Let z(t) = 5*i(t) - 6*y(t). What is z(3)?
-13
Let i(k) = -2*k**2 + k + 4. Let h be i(-2). Let g = -4 - h. Let m(c) = c**3 - c**2 - c - 1. Give m(g).
1
Let o = -2735 - -2739. Let v(q) = 5*q - 2. Calculate v(o).
18
Let n(y) = -15*y**3 + y**2 - 19*y - 23. Let h(s) = -7*s**3 - 9*s - 11. Let w(x) = 13*h(x) - 6*n(x). Calculate w(-6).
13
Let t(w) = -10*w + 2. Let f be t(0). Let s(d) = -6*d**2 + 11*d**f + d - d**3 - 2 + 2 - 2. Calculate s(5).
3
Let f(t) = -t**3 + 9*t**2 - 9*t + 7. Suppose -3*c + 24 = -5*m, -40 = -5*c - 4*m + 8*m. Give f(c).
-1
Let m be (10/(-3))/((6/9)/1). Let j = 0 - m. Let a(x) = -x**2 + 5*x + 7. Determine a(j).
7
Let p(b) = 7*b**2 + 12*b + 3. Let m(f) = -4*f**2 - 6*f - 2. Let n = 10 - 19. Let d be n/(-6)*2 - 0. Let j(r) = d*p(r) + 5*m(r). Calculate j(-6).
-1
Suppose -4 = -3*h - 1. Suppose k - 3*u - h = -7, 0 = -5*k + 3*u + 6. Suppose 5*o + k - 28 = 0. Let a(c) = c - 5. Give a(o).
0
Suppose -2*s = -5*s - 15. Let c(z) = 996*z - 6 - 336*z - 336*z - 326*z. Give c(s).
4
Suppose 4*i = -3*n + 5 + 11, 5*n - 3*i = 17. Let f be (-28)/(-98)*(0 + 35). Let x = n - f. Let y(b) = b**3 + 7*b**2 + 5*b - 4. Calculate y(x).
2
Let w(y) = 4*y + 1. Let c(i) = i**3 + 2*i**2 + 3. Let f be c(0). Suppose 3 - 6 = f*m. Give w(m).
-3
Let t = -2 - -2. Let r(k) = -17*k - 26. Let w(g) = 8*g + 13. Let o(c) = 4*r(c) + 9*w(c). Let q(a) = 5*a + 14. Let v(y) = 6*o(y) - 5*q(y). Determine v(t).
8
Let i(v) = 4*v**3 + 1. Let z be 10 + 4 + (1 - 4). Suppose -5*f = -z*f + 6. Give i(f).
5
Suppose 4*y = -5*q + 3, -4*y + 3 = -5*y. Let o(n) = 7*n**3 + 4*n**2 - 2*n - 11. Let z(x) = -x**3 - x**2 + 2. Let g(s) = o(s) + 6*z(s). Determine g(q).
4
Let y be (6/4)/(8/(-16)). Let k(o) be the second derivative of -o**6/240 + o**5/40 - o**4/2 + o. Let l(s) be the third derivative of k(s). Calculate l(y).
12
Suppose l + h + 4 = 3*l, 0 = -5*h - 10. Let w(p) = 10*p**2 + 1. Give w(l).
11
Let c be ((-4)/(-10))/1 + 72/20. Let y(u) = 6*u**2 - 2*u**2 + 1 - 2*u + u**2 + 32*u**3 - c*u**2. Calculate y(1).
32
Let f(t) = t**2 - 2*t - 178. Let s be f(14). Let h(w) = w**2 + 9*w - 6. What is h(s)?
4
Let f(b) = b - 25. Suppose -66*z - 166 + 1750 = 0. Give f(z).
-1
Suppose -2*t + 0*t = -8. Let q(n) = t - 2 - n + n**2 - 4 + 0. Determine q(2).
0
Let y(q) = q - 4. Suppose -3 - 5 = -4*u. Let s(k) = -13*k**2 + 12*k**u + 6*k**2. Let n be s(1). Determine y(n).
1
Let a(g) = 3 + 1 - 6*g - 3. Let x(y) = -2*y**2 - 22*y - 57. Let f be x(-7). What is a(f)?
7
Let b(u) = 9*u**3 + 7*u**2. Let g(a) = -11*a**3 - 8*a**2 + a + 1. Let i(y) = 5*b(y) + 4*g(y). Calculate i(-3).
-8
Let r(d) = d**2 - 1. Let q = -22 - -25. Give r(q).
8
Let l(y) = 7*y**2 - 11*y + 14. Let g(f) = 15*f**2 - 22*f + 29. Let j(v) = -6*g(v) + 13*l(v). Let h be j(10). Let k(z) = z**3 + z**2 - z + 1. Calculate k(h).
-1
Let t(m) = 1. Let o(c) = -c - 16. Let d(h) = -o(h) - 6*t(h). Suppose 3*u - 4*k + 7*k + 45 = 0, 0 = 3*u + 5*k + 49. Let g = 7 + u. Calculate d(g).
4
Let i(u) = 2*u**2 - 4*u + 3. Let a be i(4). Let t = a + -44. Let s be (-1)/(-6) - t/(-6). Let v(c) = c + 4. Calculate v(s).
0
Let l = 189 + -176. Let v(i) = -i**2 + 14*i - 5. Calculate v(l).
8
Let v = -311/12 - -26. Let m(x) be the second derivative of 1/3*x**3 + v*x**4 - 6*x + x**2 + 0. Give m(-3).
5
Let a(v) be the second derivative of v**5/20 + v**4/4 + 2*v**3/3 + 3*v**2/2 + 137*v. Calculate a(-3).
-9
Let y(i) = i. Let u be (3/3 - 0) + 4. Let d = u - 9. Let r be (-1)/d - (-42)/(-8). What is y(r)?
-5
Let d be (3/(-2))/(4/8). Let f = 3 - 0. Let u be f*(d - (-6)/9). Let b(x) = x**2 + 5*x - 7. Calculate b(u).
7
Let c(s) = -s**3 - 7*s**2 + 5*s + 1. Suppose -x = -590 + 597. Determine c(x).
-34
Let d(q) be the third derivative of -q**8/20160 - q**7/840 - 2*q**5/3 + 38*q**2. Let s(r) be the third derivative of d(r). Let w = 4 - 9. Calculate s(w).
5
Let f(w) = -25*w**3 + 16*w**2 - 5*w + 27. Let k(s) = 11*s**3 - 8*s**2 + 3*s - 14. Let l(p) = 4*f(p) + 9*k(p). Calculate l(-9).
0
Let n(g) be the first derivative of -g**4/4 + 16*g**3/3 - g - 20. Let o be n(16). Let s(l) = 3*l**3 - 2*l**2 - l. Calculate s(o).
-4
Let i(f) = 5*f + 9 + f + f**3 + 5 - 9 - 4 + 6*f**2. Give i(-6).
-35
Suppose 10*u - 7*u = 3, 58 = -x - u. Let f = -60 - x. Let p(y) = 3*y. What is p(f)?
-3
Let r(q) = -16*q**3 + 4*q**2 + 36*q - 26. Let s = 981 - 970. Let g(u) = -5*u + 3*u**3 + 5 - u**2 + u - 3*u. Let j(p) = s*g(p) + 2*r(p). Determine j(4).
-1
Let d(u) be the first derivative of -u**3/2 + 2*u**2 - 21*u + 12. Let q(a) be the first derivative of d(a). Determine q(4).
-8
Let m(h) = 7*h + 5. Let o be 301/(-86)*(-8)/(-7). Determine m(o).
-23
Let z(i) = -i**3 - 12*i**2 - 11*i + 8. Let q be z(-11). Let h(j) = -3 + 15 - 23*j - 26*j + 47*j. Determine h(q).
-4
Let z be (1 - 1) + (4 - 1). Let j(v) = 3*v**3 - 4*v**2 + z*v**2 + 1 - 2*v**3 - 2*v**3. Let c be 0*(-1)/(-8) - (1 + 0). Determine j(c).
1
Let n(j) = -j**2 + j + 1. Let u be n(2). Let b(s) = -4*s**2 + 9*s - 4. Let m(w) = -4*w**2 + 7*w - 3. Let r(h) = -3*b(h) + 4*m(h). Determine r(u).
-5
Let x(l) be the first derivative of 3*l**4/2 + 4*l**3/3 + 2*l**2 + 2*l - 7. Calculate x(-2).
-38
Let q(h) = -h**2 - 10*h - 10. Let k = -28 + 19. Let g be q(k). Let r(y) = 14*y - 14*y + 13*y**2 - 1. Give r(g).
12
Let o(n) = 4*n**2 + 2*n - 3. Let b(f) = -f**2 + 1. Let v(k) = 5*b(k) + o(k). Let g = -1072 - -1076. Calculate v(g).
-6
Suppose 60*a - 66*a = -12. Let i(w) = -w**3 + w**2 - w + 1. Give i(a).
-5
Let t = -97 + 101. Let j(k) be the third derivative of 3*k**2 + 1/20*k**5 + 1/6*k**3 + 0 + 0*k + 1/12*k**t. Calculate j(-2).
9
Suppose -2*x + 2*j = -2*j - 2, x = -3*j + 16. Suppose -x*m = 1 + 41. Let s(w) = w**3 + 7*w**2 + 5*w - 6. Determine s(m).
0
Let c(y) = 10*y + 92. Let u be c(-9). Let n(t) be the second derivative of -t**5/20 + t**4/6 + 2*t**3/3 - 3*t**2/2 - t. What is n(u)?
5
Let w(s) = -4*s - 2. Let x(q) = -6*q + 3. Let h = -29 + 30. Let f be x(h). What is w(f)?
10
Let o(r) be the third derivative of r**5/60 + r**4/6 - r**3/6 - r**2. Let p = -80 - -82. Suppose 2*y + 5*i = 1, 0 = i + p*i - 3. What is o(y)?
-5
Let h(l) = 3*l + 260. Let s(x) = -3*x - 311. Let g(q) = -6*h(q) - 5*s(q). Let a be (3 - 0)*(-4)/3. Give g(a).
7
Let m(z) = -z**2 + 20. Let o be (1 + 16/(-4))/(3/(-5)). Determine m(o).
-5
Suppose 10 = y - 4*v, 18*v - 14*v = 5*y - 34. Let f(z) = -z**3 + 8*z**2 - 5*z - 9. Determine f(y).
33
Suppose -20 = -2*r - 4. Suppose 2*l + r = 18. Let o(z) = 0 - 2 + 2*z + l. Determine o(-6).
-9
Let z be 7 + -2 + -4 + 1. Let m(n) = -2*n**2 - n**2 + n**2 - z + n**2 - n. Give m(-2).
-4
Suppose 15*r - 10*r - 25 = 0. Let n be 24/(-6) + 0 + r. Suppose g - h + n = -0*h, 3*h + 1 = 5*g. Let y(u) = u**3 - u**2 - 2*u + 2. Determine y(g).
2
Let z(h) = -h**2 - 11*h + 3. Suppose -5*q - 25 = -2*n, q + 52 = 2*n + 47. Calculate z(q).
33
Let q(f) = -1523 - 1506 + 2*f + 3058. What is q(-13)?
3
Let m(b) = 704*b + b**3 - 683*b - 3*b**2 - 15 + 12*b**2 + 4*b**2. Determine m(-11).
-4
Let c = 39 + -24. Suppose 6*b = b + c. Let h(q) = b*q**2 + 4 - 4*q - 2*q**2 - 1. What is h(3)?
0
Let v = 1/500 - -311/750. Let r(x) be the second derivative of -5*x - 2*x**2 + 0 - 7/6*x**3 + v*x**4 + 1/20*x**5. Determine r(-6).
2
Suppose 0*t = -2*t + 10. Suppose -r - 6 = -4*d - d, 5 = t*d. Let l(v) be the second derivative of -9*v**5/20 - v**4/12 + v**2/2 + v. Calculate l(r).
9
Let g = 9 - 5. Let a be g/3 - 1/3. Let o(u) = 5*u**3 - 8*u**2 - 3*u - 2. Let j(l) = -7*l**3 + 10*l**2 + 4*l + 3. Let q(k) = -3*j(k) - 4*o(k). Determine q(a).
2
Let y(r) be the second derivative of -1/24*r**4 + 4/3*r**3 - r**2 + 0 - 6*r. Let o(m) be the first derivative of y(m). What is o(0)?
8
Let j = -15 - -19. Suppose 0 = -b - 2*v + 9, -j*b + 4*v = v + 8. Let p(o) = 5*o**3 + o**2. Give p(b).
6
Let m(p) = p - 5. Let f(j) = -j + 2. Let b be f(-8). Let r be m(b). Let v(d) = -7*d**2 + d**3 + 4*d + d - 1 + r + 14*d**2. Give v(-6).
10
Suppose 3*p - 5 = 2*c + 3*c, 0 = -2*p. Let l(i) = -25*i**3 - 1 - 11*i**3 + 30*i**3 + 0 + i**2. Give l(c).
6
Suppose -5 = -5*p + 4*s + 7, 5*p = 2*s + 16. Suppose 24 = -0*n + p*n. Let y(a) = a**3 - n*a + 0*a + 5*a - 8*a**3. What is y(-1)?
8
Let x(w) = 7*w - w - w + 0*w + 8 + 0*w. Calculate x(6).
38
Let d(a) be the second derivative of -7*a**3/3 - 2*a**2 + 289*a. Give d(3).
-46
Suppose 2*b - 9*n - 65 = 0, -4*b - 9*n = -7*n + 10. Let m(v) be the